 353
Let m(y) = -y**2 + 10. Let j be m(-3). What are the prime factors of j/(-5)*5*-731?
17, 43
Suppose u - 50 - 14 = 0. Suppose 0 = -k - u - 33. Let w = 367 + k. List the prime factors of w.
2, 3, 5
Let x(t) = -t**3 + 7*t**2 - t + 9. Let d be x(7). Suppose 2*g + d*k = 18, 0*k = 2*k + 6. Let q = 45 - g. What are the prime factors of q?
3, 11
Suppose -7343 = -2*l + 5387. List the prime factors of l.
5, 19, 67
Suppose -10*k = -5*k - 20. Suppose -3*u + k*u + 77 = 5*b, -25 = 5*b. Let z = u + 223. What are the prime factors of z?
11
Suppose -740 + 713 = -3*c. Suppose c*x = 1177 - 232. List the prime factors of x.
3, 5, 7
Let b(z) = 19*z**2 - 63*z + 370. What are the prime factors of b(6)?
2, 13
Let w(q) = q**2 + 30*q - 6. Let u be w(-30). What are the prime factors of 1/(u/(-1766)) + (-388)/291?
293
Let a(s) = 40*s + 208. Let j be a(-5). What are the prime factors of (-6)/(-12)*j + 4356/4?
1093
Suppose 272*t = 275*t + 5904. What are the prime factors of ((-15)/(-20))/((-4)/t)?
3, 41
Let v(d) = 8*d**2 - d - 1. Let c be v(2). Suppose 0 = -7*w - c + 120. Let u(n) = n**3 - 13*n**2 + 2*n - 5. What are the prime factors of u(w)?
3, 7
Suppose 0 = 20*l - 17727 + 1467. Let t = 1392 - l. List the prime factors of t.
3, 193
Suppose 5*z = 2*p + 136846, 5*z + 16*p - 136798 = 12*p. What are the prime factors of z?
2, 3, 4561
Suppose 0 = -2*c - 5*p + 16113, 2*c = -14*p + 16*p + 16106. What are the prime factors of c?
2, 4027
List the prime factors of (-66)/957 - 1558530/(-174).
13, 53
Let g = -72790 - -119253. What are the prime factors of g?
97, 479
Let o(x) = 22*x**2 - 51*x - 151. What are the prime factors of o(-21)?
2, 47, 113
Suppose -3232*a + 693566 = -3215*a. What are the prime factors of a?
2, 20399
Suppose 2416*w - 357540 = 2401*w. What are the prime factors of w?
2, 59, 101
Let o(b) = 17*b - 159. Let c be (-12 - -7)*3*-2. What are the prime factors of o(c)?
3, 13
Let z(d) = 429*d**2 - 8*d - 8. Let w = 305 + -306. What are the prime factors of z(w)?
3, 11, 13
What are the prime factors of 59865 + ((-109)/872 - 81/(-8))?
5, 479
Let d = 40902 + -27785. What are the prime factors of d?
13, 1009
Let v = -46 - -59. Let x = -15 + v. List the prime factors of (22/(-10))/(x/10).
11
Let k = 31 - -106. Suppose 0 = -3*o + 4*y + k, 4*o - 193 = -3*y - 27. Suppose -5*z + o = -4*j, 0 = 4*z - 4*j - 29 - 3. What are the prime factors of z?
11
Let b be (6/2)/((-18)/(-24)) + 2. Let o be (18/27)/((4/b)/2). Suppose 5*v = 4*m - 831, -o*m + 3*v = 2*v - 423. What are the prime factors of m?
2, 107
Let y(j) be the first derivative of 7*j**2 - 5*j - 71. Suppose 0 = -3*t + 4*r + 30, -3*t - r = 4*r - 30. What are the prime factors of y(t)?
3, 5
Suppose -y = -z - 11277 - 8818, -y - 3*z = -20103. List the prime factors of y.
3, 7, 11, 29
Suppose 48*s = -123 - 549. Let g(o) be the second derivative of -o**5/10 - 29*o**4/12 - 13*o**3/6 + 10*o**2 + 4*o. List the prime factors of g(s).
2, 3
Let g = 17 - 9. Suppose -4*r = 3*y - 2961, 7*r - g*r = -2*y + 1974. List the prime factors of y.
3, 7, 47
Suppose -2898 = -3*a + 4*p, -11*a + 8*a - 2*p = -2880. List the prime factors of a.
2, 13, 37
Suppose -2*m + 95*v + 11772 = 99*v, -3*m = -v - 17644. What are the prime factors of m?
2, 17, 173
Let t(x) = 2*x**3 - 13*x**2 - 21*x + 13. Let o be t(8). Suppose 38*z - o*z = 465. List the prime factors of z.
3, 5, 31
Suppose -12 = -2*s - 4*g, s - 8*g - 6 = -6*g. Suppose 5*u + 5 = 10, -u = j - s. What are the prime factors of j?
5
Suppose 0 = 6*g - 1719 - 357. Suppose -h + 145 = -2*i, 88 = 3*h - 5*i - g. List the prime factors of h.
11, 13
Let h = 22552 - -2315. List the prime factors of h.
3, 307
Suppose 0 = -7*l - 2*l - 19098. Let f = 3305 + l. List the prime factors of f.
7, 13
Let g be (168/77)/(8/44). Suppose 5*o - 4*k - 1123 - 479 = 0, -g = 4*k. What are the prime factors of o?
2, 3, 53
Let a be -2*20/6*30/(-40). What are the prime factors of 2 + a + -4 + 1088?
1091
Let r = -25 - -28. Suppose 2*k + 31 = r*q, 30 = 4*q - 0*q + 3*k. What are the prime factors of ((-207)/3)/(q/(-6))?
2, 23
Let q(y) = -2364*y - 2153. What are the prime factors of q(-17)?
5, 7607
Let x(o) = 100*o**2 + 2. Let i be x(4). Suppose 0 = -3*b + 810 + i. What are the prime factors of b?
2, 3, 67
Let w(b) = 2*b**2 + 79 + b**3 + 81 + b - 160. Let l be w(-1). Suppose l = d + 5*z - 2*z - 12, 0 = 3*z + 3. List the prime factors of d.
3, 5
Suppose -y + 15 = 4*n, 3*y + 4*n - 38 = -17. Suppose y*o + 192 = 3432. What are the prime factors of o?
2, 3, 5
Suppose -4*p - 6 = -2*w, -2*p - 4*w + 2 = -10. Suppose p = 3*k + 2*b + 4, 5*k - 5*b = k + 33. List the prime factors of 3 + (1 - -19) + k.
5
Suppose 19*m = 20*m - 5*u - 1575, 5*m + 3*u = 7735. Suppose 3*j - 859 - m = 0. What are the prime factors of j?
11, 73
Let f(t) = t**2 + 2*t - 1. Let k be f(1). Suppose -1566 = -4*j + 3*l, k*j + 1952 = 7*j - l. Suppose 0 = -7*o + j + 401. List the prime factors of o.
113
Let h(r) = r**3 + 2*r**2 + 12*r + 26. Let w be h(-2). Suppose 5*t + 8*o - 122 = 11*o, 2*o = w. List the prime factors of t.
5
Let g(t) = -7*t**2 + 6*t + 34. Let d(c) = -8*c**2 + 5*c + 34. Let h(y) = -6*d(y) + 7*g(y). What are the prime factors of h(7)?
3, 23
Suppose 76336 = 5*z - w, 15284 = z - 95*w + 99*w. What are the prime factors of z?
2, 11, 347
Let k(u) = 18*u**2 + 7*u + 5. Suppose -3*g = -76 + 79. What are the prime factors of k(g)?
2
Suppose 3*f + 4*s + 0*s = 1, -3*s + 13 = 4*f. Suppose -f*w + 1248 = -w. Suppose 0 = -3*n - 10 + w. What are the prime factors of n?
2, 3, 11
Let d be (27/(-3))/((30/44)/5). Let z = d - -5. List the prime factors of z/(4 + 85/(-20)).
2, 61
Suppose -k - u = 2*u, -u = -1. Let x(l) = l**2 + 3*l + 6. Let c be x(k). List the prime factors of 909/c - (-6)/(-12).
151
Let l(h) = -15*h**3 - 11*h**2 + 40*h + 2. List the prime factors of l(-9).
2, 29, 167
Let f = -102 - -915. Suppose 7*g - 3907 = -f. What are the prime factors of g?
2, 13, 17
Suppose -93*b - 79*b = -156*b - 81440. List the prime factors of b.
2, 5, 509
Suppose 208*b - 209*b - 32 = 0. What are the prime factors of 5/((-20)/(-2737)) - (-8)/b?
2, 3, 19
Suppose -25*a = -393829 - 291246. What are the prime factors of a?
67, 409
Suppose -3*c = -5*c + 5*c. Suppose 4*m + 4 = -c*m, -d = 2*m - 218. What are the prime factors of d?
2, 5, 11
Suppose -3*r + 2*g + 32904 = 0, -12570 = -4*r + 5*g + 31302. List the prime factors of r.
2, 3, 457
Let h be 15/(-3)*(-1 + 12/15). Let v(u) = -2*u**2 + 2*u - 1. Let l be v(h). List the prime factors of (-1 - (-4)/1) + (75 - l).
79
Suppose 29*p - 32*p + u + 79810 = 0, u = -2*p + 53195. What are the prime factors of p?
3, 8867
Let c(h) = h**2 + 15*h - 13. Let j be c(-16). Suppose -68 = -3*w + 2*w - f, 5*w - j*f = 356. Suppose 2*m + w = 7*m. What are the prime factors of m?
2, 7
Let b be 109/((-8)/(-10) - (-1)/5). Let h = 320 + b. List the prime factors of h.
3, 11, 13
Let s = 20 + -25. Let p be ((-83)/s)/(4/20). Let m = -52 + p. List the prime factors of m.
31
Suppose 5*a = 10*a - 2320. Suppose 3*r + 3*q = 4*q + a, -3*q - 307 = -2*r. Let v = r + -76. List the prime factors of v.
79
Let n(y) = 20*y**2 - 14*y + 2. Let u(m) = -22*m - 38. Let r be u(-2). What are the prime factors of n(r)?
2, 11, 29
Suppose -8 = 4*j - 4*q, j - 9 + 1 = -4*q. Let z(m) = 66 + m - 5*m - m - m**2 + 2*m. What are the prime factors of z(j)?
2, 3, 11
Suppose 2635 = 16*x + 48667. Let q = -1657 - x. What are the prime factors of q?
2, 5, 61
Suppose 75068 = 5*d - 18792. List the prime factors of d.
2, 13, 19
Suppose 0*s + 3*s - 396 = 0. Suppose s = 5*n - 203. What are the prime factors of n?
67
Let y be 76*1 - 2/(-1). Suppose -4*m + 20*m = 2528. Let k = m - y. What are the prime factors of k?
2, 5
Suppose -3*s - 9*l = -8*l - 1047, -2*s + 711 = 5*l. Let t = -495 + s. Let k = -59 - t. What are the prime factors of k?
2, 11
Let l = 85 + 196. Let k = 100 + l. List the prime factors of k.
3, 127
Let f be (-23 + -7)*(-4)/10. Suppose 10 = 4*y + y, 0 = 4*m - 2*y + f. What are the prime factors of m/((1/4)/((-189)/12))?
2, 3, 7
Suppose n - 8692 = -3*t + 9320, 5*t - 5*n = 30040. List the prime factors of t.
5, 1201
Let l(t) = -12*t + 0 + 8 + t**3 + 6*t**2 + t**2. Let k be l(-9). Let r = k - -70. What are the prime factors of r?
2, 3
Let m(v) = v**2 - 8*v - 7. Let x be m(9). What are the prime factors of 3